{"id":2380,"date":"2018-04-27T13:59:16","date_gmt":"2018-04-27T11:59:16","guid":{"rendered":"http:\/\/www.pole-box.fr\/?post_type=product&#038;p=2380"},"modified":"2024-06-07T11:56:41","modified_gmt":"2024-06-07T09:56:41","slug":"carton-abat-jour","status":"publish","type":"product","link":"https:\/\/www.pole-box.fr\/en\/product\/carton-abat-jour\/","title":{"rendered":"CARTON ABAT-JOUR"},"content":{"rendered":"","protected":false},"excerpt":{"rendered":"<p><b>Cartons d\u00e9m\u00e9nagement<\/b> permettant l\u2019emballage d\u2019objets volumineux comme l\u00e9gers.<br \/>\n<b>Carton<\/b> double cannelure afin de mieux prot\u00e9ger son contenu des chocs.<br \/>\nBonne r\u00e9sistance aux \u00e9carts de temp\u00e9rature et \u00e0 l&rsquo;humidit\u00e9.<br \/>\nR\u00e9sistance \u00e0 la compression verticale lors de l&#8217;empilement des <b>cartons<\/b>.<br \/>\nFermeture facile par ruban adh\u00e9sif.<\/p>\n<p>Dim. : 700 x 700 x 500 mm &#8211; DD 30.<\/p>","protected":false},"featured_media":3110,"template":"","meta":[],"yoast_head":"<!-- This site is optimized with the Yoast SEO plugin v22.8 - https:\/\/yoast.com\/wordpress\/plugins\/seo\/ -->\n<title>CARTON ABAT-JOUR - Pole Box - Location de box (garde meuble) - Bureau - Lyon - Chassieu - Eurexpo<\/title>\n<meta name=\"robots\" content=\"index, follow, max-snippet:-1, max-image-preview:large, max-video-preview:-1\" \/>\n<link rel=\"canonical\" href=\"https:\/\/www.pole-box.fr\/en\/product\/carton-abat-jour\/\" \/>\n<meta property=\"og:locale\" content=\"en_US\" \/>\n<meta property=\"og:type\" content=\"article\" \/>\n<meta property=\"og:title\" content=\"CARTON ABAT-JOUR - Pole Box - Location de box (garde meuble) - Bureau - Lyon - Chassieu - Eurexpo\" \/>\n<meta property=\"og:description\" content=\"Cartons d\u00e9m\u00e9nagement permettant l\u2019emballage d\u2019objets volumineux comme l\u00e9gers. Carton double cannelure afin de mieux prot\u00e9ger son contenu des chocs. Bonne r\u00e9sistance aux \u00e9carts de temp\u00e9rature et \u00e0 l&#039;humidit\u00e9. R\u00e9sistance \u00e0 la compression verticale lors de l&#039;empilement des cartons. Fermeture facile par ruban adh\u00e9sif.  Dim. : 700 x 700 x 500 mm - DD 30.\" \/>\n<meta property=\"og:url\" content=\"https:\/\/www.pole-box.fr\/en\/product\/carton-abat-jour\/\" \/>\n<meta property=\"og:site_name\" content=\"Pole Box - Location de box (garde meuble) - Bureau - Lyon - Chassieu - Eurexpo\" \/>\n<meta property=\"article:publisher\" content=\"https:\/\/www.facebook.com\/poleboxchassieu\/\" \/>\n<meta property=\"article:modified_time\" content=\"2024-06-07T09:56:41+00:00\" \/>\n<meta property=\"og:image\" content=\"https:\/\/www.pole-box.fr\/wp-content\/uploads\/2024\/06\/Carton-demenagement-Abat-jour-1.jpg\" \/>\n\t<meta property=\"og:image:width\" content=\"800\" \/>\n\t<meta property=\"og:image:height\" content=\"800\" \/>\n\t<meta property=\"og:image:type\" content=\"image\/jpeg\" \/>\n<meta name=\"twitter:card\" content=\"summary_large_image\" \/>\n<meta name=\"twitter:site\" content=\"@poleboxchassieu\" \/>\n<meta name=\"twitter:label1\" content=\"Est. reading time\" \/>\n\t<meta name=\"twitter:data1\" content=\"1 minute\" \/>\n<script type=\"application\/ld+json\" class=\"yoast-schema-graph\">{\"@context\":\"https:\/\/schema.org\",\"@graph\":[{\"@type\":\"WebPage\",\"@id\":\"https:\/\/www.pole-box.fr\/produit\/carton-abat-jour\/\",\"url\":\"https:\/\/www.pole-box.fr\/produit\/carton-abat-jour\/\",\"name\":\"CARTON ABAT-JOUR - Pole Box - Location de box (garde meuble) - Bureau - Lyon - Chassieu - Eurexpo\",\"isPartOf\":{\"@id\":\"https:\/\/www.pole-box.fr\/#website\"},\"primaryImageOfPage\":{\"@id\":\"https:\/\/www.pole-box.fr\/produit\/carton-abat-jour\/#primaryimage\"},\"image\":{\"@id\":\"https:\/\/www.pole-box.fr\/produit\/carton-abat-jour\/#primaryimage\"},\"thumbnailUrl\":\"https:\/\/www.pole-box.fr\/wp-content\/uploads\/2024\/06\/Carton-demenagement-Abat-jour-1.jpg\",\"datePublished\":\"2018-04-27T11:59:16+00:00\",\"dateModified\":\"2024-06-07T09:56:41+00:00\",\"breadcrumb\":{\"@id\":\"https:\/\/www.pole-box.fr\/produit\/carton-abat-jour\/#breadcrumb\"},\"inLanguage\":\"en-US\",\"potentialAction\":[{\"@type\":\"ReadAction\",\"target\":[\"https:\/\/www.pole-box.fr\/produit\/carton-abat-jour\/\"]}]},{\"@type\":\"ImageObject\",\"inLanguage\":\"en-US\",\"@id\":\"https:\/\/www.pole-box.fr\/produit\/carton-abat-jour\/#primaryimage\",\"url\":\"https:\/\/www.pole-box.fr\/wp-content\/uploads\/2024\/06\/Carton-demenagement-Abat-jour-1.jpg\",\"contentUrl\":\"https:\/\/www.pole-box.fr\/wp-content\/uploads\/2024\/06\/Carton-demenagement-Abat-jour-1.jpg\",\"width\":800,\"height\":800},{\"@type\":\"BreadcrumbList\",\"@id\":\"https:\/\/www.pole-box.fr\/produit\/carton-abat-jour\/#breadcrumb\",\"itemListElement\":[{\"@type\":\"ListItem\",\"position\":1,\"name\":\"Accueil\",\"item\":\"https:\/\/www.pole-box.fr\/\"},{\"@type\":\"ListItem\",\"position\":2,\"name\":\"Boutique\",\"item\":\"https:\/\/www.pole-box.fr\/boutique\/\"},{\"@type\":\"ListItem\",\"position\":3,\"name\":\"CARTON ABAT-JOUR\"}]},{\"@type\":\"WebSite\",\"@id\":\"https:\/\/www.pole-box.fr\/#website\",\"url\":\"https:\/\/www.pole-box.fr\/\",\"name\":\"Pole Box - Location de box (garde meuble) - Bureau - Lyon - Chassieu - Eurexpo\",\"description\":\"Votre centre de self-stockage !\",\"potentialAction\":[{\"@type\":\"SearchAction\",\"target\":{\"@type\":\"EntryPoint\",\"urlTemplate\":\"https:\/\/www.pole-box.fr\/?s={search_term_string}\"},\"query-input\":\"required name=search_term_string\"}],\"inLanguage\":\"en-US\"}]}<\/script>\n<!-- \/ Yoast SEO plugin. -->","yoast_head_json":{"title":"CARTON ABAT-JOUR - Pole Box - Location de box (garde meuble) - Bureau - Lyon - Chassieu - Eurexpo","robots":{"index":"index","follow":"follow","max-snippet":"max-snippet:-1","max-image-preview":"max-image-preview:large","max-video-preview":"max-video-preview:-1"},"canonical":"https:\/\/www.pole-box.fr\/en\/product\/carton-abat-jour\/","og_locale":"en_US","og_type":"article","og_title":"CARTON ABAT-JOUR - Pole Box - Location de box (garde meuble) - Bureau - Lyon - Chassieu - Eurexpo","og_description":"Cartons d\u00e9m\u00e9nagement permettant l\u2019emballage d\u2019objets volumineux comme l\u00e9gers. Carton double cannelure afin de mieux prot\u00e9ger son contenu des chocs. Bonne r\u00e9sistance aux \u00e9carts de temp\u00e9rature et \u00e0 l'humidit\u00e9. R\u00e9sistance \u00e0 la compression verticale lors de l'empilement des cartons. Fermeture facile par ruban adh\u00e9sif.  Dim. : 700 x 700 x 500 mm - DD 30.","og_url":"https:\/\/www.pole-box.fr\/en\/product\/carton-abat-jour\/","og_site_name":"Pole Box - Location de box (garde meuble) - Bureau - Lyon - Chassieu - Eurexpo","article_publisher":"https:\/\/www.facebook.com\/poleboxchassieu\/","article_modified_time":"2024-06-07T09:56:41+00:00","og_image":[{"width":800,"height":800,"url":"https:\/\/www.pole-box.fr\/wp-content\/uploads\/2024\/06\/Carton-demenagement-Abat-jour-1.jpg","type":"image\/jpeg"}],"twitter_card":"summary_large_image","twitter_site":"@poleboxchassieu","twitter_misc":{"Est. reading time":"1 minute"},"schema":{"@context":"https:\/\/schema.org","@graph":[{"@type":"WebPage","@id":"https:\/\/www.pole-box.fr\/produit\/carton-abat-jour\/","url":"https:\/\/www.pole-box.fr\/produit\/carton-abat-jour\/","name":"CARTON ABAT-JOUR - Pole Box - Location de box (garde meuble) - Bureau - Lyon - Chassieu - Eurexpo","isPartOf":{"@id":"https:\/\/www.pole-box.fr\/#website"},"primaryImageOfPage":{"@id":"https:\/\/www.pole-box.fr\/produit\/carton-abat-jour\/#primaryimage"},"image":{"@id":"https:\/\/www.pole-box.fr\/produit\/carton-abat-jour\/#primaryimage"},"thumbnailUrl":"https:\/\/www.pole-box.fr\/wp-content\/uploads\/2024\/06\/Carton-demenagement-Abat-jour-1.jpg","datePublished":"2018-04-27T11:59:16+00:00","dateModified":"2024-06-07T09:56:41+00:00","breadcrumb":{"@id":"https:\/\/www.pole-box.fr\/produit\/carton-abat-jour\/#breadcrumb"},"inLanguage":"en-US","potentialAction":[{"@type":"ReadAction","target":["https:\/\/www.pole-box.fr\/produit\/carton-abat-jour\/"]}]},{"@type":"ImageObject","inLanguage":"en-US","@id":"https:\/\/www.pole-box.fr\/produit\/carton-abat-jour\/#primaryimage","url":"https:\/\/www.pole-box.fr\/wp-content\/uploads\/2024\/06\/Carton-demenagement-Abat-jour-1.jpg","contentUrl":"https:\/\/www.pole-box.fr\/wp-content\/uploads\/2024\/06\/Carton-demenagement-Abat-jour-1.jpg","width":800,"height":800},{"@type":"BreadcrumbList","@id":"https:\/\/www.pole-box.fr\/produit\/carton-abat-jour\/#breadcrumb","itemListElement":[{"@type":"ListItem","position":1,"name":"Accueil","item":"https:\/\/www.pole-box.fr\/"},{"@type":"ListItem","position":2,"name":"Boutique","item":"https:\/\/www.pole-box.fr\/boutique\/"},{"@type":"ListItem","position":3,"name":"CARTON ABAT-JOUR"}]},{"@type":"WebSite","@id":"https:\/\/www.pole-box.fr\/#website","url":"https:\/\/www.pole-box.fr\/","name":"Pole Box - Location de box (garde meuble) - Bureau - Lyon - Chassieu - Eurexpo","description":"Votre centre de self-stockage !","potentialAction":[{"@type":"SearchAction","target":{"@type":"EntryPoint","urlTemplate":"https:\/\/www.pole-box.fr\/?s={search_term_string}"},"query-input":"required name=search_term_string"}],"inLanguage":"en-US"}]}},"_links":{"self":[{"href":"https:\/\/www.pole-box.fr\/en\/wp-json\/wp\/v2\/product\/2380"}],"collection":[{"href":"https:\/\/www.pole-box.fr\/en\/wp-json\/wp\/v2\/product"}],"about":[{"href":"https:\/\/www.pole-box.fr\/en\/wp-json\/wp\/v2\/types\/product"}],"wp:featuredmedia":[{"embeddable":true,"href":"https:\/\/www.pole-box.fr\/en\/wp-json\/wp\/v2\/media\/3110"}],"wp:attachment":[{"href":"https:\/\/www.pole-box.fr\/en\/wp-json\/wp\/v2\/media?parent=2380"}],"curies":[{"name":"wp","href":"https:\/\/api.w.org\/{rel}","templated":true}]}}

<p><b>Cartons déménagement</b> permettant l’emballage d’objets volumineux comme légers.<br />
<b>Carton</b> double cannelure afin de mieux protéger son contenu des chocs.<br />
Bonne résistance aux écarts de température et à l&rsquo;humidité.<br />
Résistance à la compression verticale lors de l&#8217;empilement des <b>cartons</b>.<br />
Fermeture facile par ruban adhésif.</p>
<p>Dim. : 700 x 700 x 500 mm &#8211; DD 30.</p>

<!-- This site is optimized with the Yoast SEO plugin v22.8 - https://yoast.com/wordpress/plugins/seo/ -->
<title>CARTON ABAT-JOUR - Pole Box - Location de box (garde meuble) - Bureau - Lyon - Chassieu - Eurexpo</title>
<meta name="robots" content="index, follow, max-snippet:-1, max-image-preview:large, max-video-preview:-1" />
<link rel="canonical" href="https://www.pole-box.fr/en/product/carton-abat-jour/" />
<meta property="og:locale" content="en_US" />
<meta property="og:type" content="article" />
<meta property="og:title" content="CARTON ABAT-JOUR - Pole Box - Location de box (garde meuble) - Bureau - Lyon - Chassieu - Eurexpo" />
<meta property="og:description" content="Cartons déménagement permettant l’emballage d’objets volumineux comme légers. Carton double cannelure afin de mieux protéger son contenu des chocs. Bonne résistance aux écarts de température et à l&#039;humidité. Résistance à la compression verticale lors de l&#039;empilement des cartons. Fermeture facile par ruban adhésif.  Dim. : 700 x 700 x 500 mm - DD 30." />
<meta property="og:url" content="https://www.pole-box.fr/en/product/carton-abat-jour/" />
<meta property="og:site_name" content="Pole Box - Location de box (garde meuble) - Bureau - Lyon - Chassieu - Eurexpo" />
<meta property="article:publisher" content="https://www.facebook.com/poleboxchassieu/" />
<meta property="article:modified_time" content="2024-06-07T09:56:41+00:00" />
<meta property="og:image" content="https://www.pole-box.fr/wp-content/uploads/2024/06/Carton-demenagement-Abat-jour-1.jpg" />
	<meta property="og:image:width" content="800" />
	<meta property="og:image:height" content="800" />
	<meta property="og:image:type" content="image/jpeg" />
<meta name="twitter:card" content="summary_large_image" />
<meta name="twitter:site" content="@poleboxchassieu" />
<meta name="twitter:label1" content="Est. reading time" />
	<meta name="twitter:data1" content="1 minute" />
<script type="application/ld+json" class="yoast-schema-graph">{"@context":"https://schema.org","@graph":[{"@type":"WebPage","@id":"https://www.pole-box.fr/produit/carton-abat-jour/","url":"https://www.pole-box.fr/produit/carton-abat-jour/","name":"CARTON ABAT-JOUR - Pole Box - Location de box (garde meuble) - Bureau - Lyon - Chassieu - Eurexpo","isPartOf":{"@id":"https://www.pole-box.fr/#website"},"primaryImageOfPage":{"@id":"https://www.pole-box.fr/produit/carton-abat-jour/#primaryimage"},"image":{"@id":"https://www.pole-box.fr/produit/carton-abat-jour/#primaryimage"},"thumbnailUrl":"https://www.pole-box.fr/wp-content/uploads/2024/06/Carton-demenagement-Abat-jour-1.jpg","datePublished":"2018-04-27T11:59:16+00:00","dateModified":"2024-06-07T09:56:41+00:00","breadcrumb":{"@id":"https://www.pole-box.fr/produit/carton-abat-jour/#breadcrumb"},"inLanguage":"en-US","potentialAction":[{"@type":"ReadAction","target":["https://www.pole-box.fr/produit/carton-abat-jour/"]}]},{"@type":"ImageObject","inLanguage":"en-US","@id":"https://www.pole-box.fr/produit/carton-abat-jour/#primaryimage","url":"https://www.pole-box.fr/wp-content/uploads/2024/06/Carton-demenagement-Abat-jour-1.jpg","contentUrl":"https://www.pole-box.fr/wp-content/uploads/2024/06/Carton-demenagement-Abat-jour-1.jpg","width":800,"height":800},{"@type":"BreadcrumbList","@id":"https://www.pole-box.fr/produit/carton-abat-jour/#breadcrumb","itemListElement":[{"@type":"ListItem","position":1,"name":"Accueil","item":"https://www.pole-box.fr/"},{"@type":"ListItem","position":2,"name":"Boutique","item":"https://www.pole-box.fr/boutique/"},{"@type":"ListItem","position":3,"name":"CARTON ABAT-JOUR"}]},{"@type":"WebSite","@id":"https://www.pole-box.fr/#website","url":"https://www.pole-box.fr/","name":"Pole Box - Location de box (garde meuble) - Bureau - Lyon - Chassieu - Eurexpo","description":"Votre centre de self-stockage !","potentialAction":[{"@type":"SearchAction","target":{"@type":"EntryPoint","urlTemplate":"https://www.pole-box.fr/?s={search_term_string}"},"query-input":"required name=search_term_string"}],"inLanguage":"en-US"}]}</script>
<!-- / Yoast SEO plugin. -->

Cartons déménagement permettant l’emballage d’objets volumineux comme légers. Carton double cannelure afin de mieux protéger son contenu des chocs. Bonne résistance aux écarts de température et à l'humidité. Résistance à la compression verticale lors de l'empilement des cartons. Fermeture facile par ruban adhésif.  Dim. : 700 x 700 x 500 mm - DD 30.
